Dec 01 13:39:42.885 INFO testing johan-bjareholt/aw-server-rust against master#8940af3cea4a9a9deabcaf843b2f8cad9a83fc61 for beta-1.31-5
Dec 01 13:39:42.885 INFO running `"docker" "create" "-v" "/mnt/big/crater/work/local/target-dirs/beta-1.31-5/worker-2/master#8940af3cea4a9a9deabcaf843b2f8cad9a83fc61:/target:rw,Z" "-v" "/mnt/big/crater/work/local/test-source/worker-2/beta-1.31-5/master#8940af3cea4a9a9deabcaf843b2f8cad9a83fc61:/source:ro,Z" "-v" "/mnt/big/crater/work/local/cargo-home:/cargo-home:ro,Z" "-v" "/mnt/big/crater/work/local/rustup-home:/rustup-home:ro,Z" "-e" "USER_ID=1000" "-e" "SOURCE_DIR=/source" "-e" "USER_ID=1000" "-e" "CMD=cargo +8940af3cea4a9a9deabcaf843b2f8cad9a83fc61-alt build --frozen" "-e" "CARGO_TARGET_DIR=/target" "-e" "CARGO_INCREMENTAL=0" "-e" "RUST_BACKTRACE=full" "-e" "RUSTFLAGS=--cap-lints=warn" "-e" "CARGO_HOME=/cargo-home" "-e" "RUSTUP_HOME=/rustup-home" "-m" "1536M" "--network" "none" "crater"`
Dec 01 13:39:43.139 INFO [stdout] 2cfa35ef7185048ac9b95815108dac537dc2fcc2a95fef9f744279d5ca9b130c
Dec 01 13:39:43.145 INFO running `"docker" "start" "-a" "2cfa35ef7185048ac9b95815108dac537dc2fcc2a95fef9f744279d5ca9b130c"`
Dec 01 13:39:43.587 INFO [stderr] usermod: no changes
Dec 01 13:39:43.756 INFO [stderr]    Compiling proc-macro2 v0.4.19
Dec 01 13:39:43.758 INFO [stderr]    Compiling lalr v0.0.2
Dec 01 13:39:43.759 INFO [stderr]    Compiling mpsc_requests v0.2.0
Dec 01 13:39:43.763 INFO [stderr]    Compiling libsqlite3-sys v0.9.3
Dec 01 13:39:43.765 INFO [stderr]    Compiling pear_codegen v0.0.20
Dec 01 13:39:43.765 INFO [stderr]    Compiling rocket v0.3.16
Dec 01 13:39:43.765 INFO [stderr]    Compiling rocket_codegen v0.3.16
Dec 01 13:39:43.767 INFO [stderr]    Compiling redfa v0.0.2
Dec 01 13:39:43.991 INFO [stderr] error: failed to run custom build command for `pear_codegen v0.0.20`
Dec 01 13:39:43.991 INFO [stderr] process didn't exit successfully: `/target/debug/build/pear_codegen-9ebbb5de437ff65a/build-script-build` (exit code: 101)
Dec 01 13:39:43.991 INFO [stderr] --- stderr
Dec 01 13:39:43.991 INFO [stderr] [1;31mError:[0m [37mPear requires a nightly or dev version of Rust.[0m
Dec 01 13:39:43.991 INFO [stderr] [37mInstalled version is:[0m [33m1.31.0-beta.20 (2018-11-30)[0m. [37mMinimum required:[0m [33m1.30.0-nightly (2018-08-23)[0m.
Dec 01 13:39:43.991 INFO [stderr] thread 'main' panicked at 'Aborting compilation due to incompatible compiler.', /cargo-home/registry/src/github.com-1ecc6299db9ec823/pear_codegen-0.0.20/build.rs:31:13
Dec 01 13:39:43.991 INFO [stderr] stack backtrace:
Dec 01 13:39:43.991 INFO [stderr]    0:     0x55b59512e0ff - std::sys::unix::backtrace::tracing::imp::unwind_backtrace::h3a8b83e1922cbdde
Dec 01 13:39:43.991 INFO [stderr]                                at libstd/sys/unix/backtrace/tracing/gcc_s.rs:49
Dec 01 13:39:43.991 INFO [stderr]    1:     0x55b595139ad7 - std::sys_common::backtrace::print::h00d3155a29b4020f
Dec 01 13:39:43.991 INFO [stderr]                                at libstd/sys_common/backtrace.rs:71
Dec 01 13:39:43.991 INFO [stderr]                                at libstd/sys_common/backtrace.rs:59
Dec 01 13:39:43.991 INFO [stderr]    2:     0x55b59513299f - std::panicking::default_hook::{{closure}}::hd7465c742e79e1bb
Dec 01 13:39:43.991 INFO [stderr]                                at libstd/panicking.rs:211
Dec 01 13:39:43.991 INFO [stderr]    3:     0x55b595132704 - std::panicking::default_hook::h9e3966f2aa2a6e12
Dec 01 13:39:43.991 INFO [stderr]                                at libstd/panicking.rs:227
Dec 01 13:39:43.991 INFO [stderr]    4:     0x55b595132fce - std::panicking::rust_panic_with_hook::h587f091ae747d080
Dec 01 13:39:43.991 INFO [stderr]                                at libstd/panicking.rs:476
Dec 01 13:39:43.991 INFO [stderr]    5:     0x55b595105883 - std::panicking::begin_panic::h03cdb516ffc5f784
Dec 01 13:39:43.991 INFO [stderr]                                at libstd/panicking.rs:410
Dec 01 13:39:43.991 INFO [stderr]    6:     0x55b595103948 - build_script_build::main::h36944a4e267b7477
Dec 01 13:39:43.991 INFO [stderr]                                at /cargo-home/registry/src/github.com-1ecc6299db9ec823/pear_codegen-0.0.20/build.rs:31
Dec 01 13:39:43.991 INFO [stderr]    7:     0x55b59510616f - std::rt::lang_start::{{closure}}::h5e49a6fd7616e446
Dec 01 13:39:43.991 INFO [stderr]                                at libstd/rt.rs:74
Dec 01 13:39:43.991 INFO [stderr]    8:     0x55b595132a42 - std::panicking::try::do_call::h52e7f80ff0fdcc45
Dec 01 13:39:43.991 INFO [stderr]                                at libstd/rt.rs:59
Dec 01 13:39:43.991 INFO [stderr]                                at libstd/panicking.rs:310
Dec 01 13:39:43.991 INFO [stderr]    9:     0x55b595144a89 - __rust_maybe_catch_panic
Dec 01 13:39:43.991 INFO [stderr]                                at libpanic_unwind/lib.rs:102
Dec 01 13:39:43.991 INFO [stderr]   10:     0x55b59512275a - std::rt::lang_start_internal::h38cae898de7f805c
Dec 01 13:39:43.991 INFO [stderr]                                at libstd/panicking.rs:289
Dec 01 13:39:43.991 INFO [stderr]                                at libstd/panic.rs:392
Dec 01 13:39:43.991 INFO [stderr]                                at libstd/rt.rs:58
Dec 01 13:39:43.991 INFO [stderr]   11:     0x55b595106148 - std::rt::lang_start::hf3588cfe9ea8870a
Dec 01 13:39:43.991 INFO [stderr]                                at libstd/rt.rs:74
Dec 01 13:39:43.991 INFO [stderr]   12:     0x55b595104819 - main
Dec 01 13:39:43.991 INFO [stderr]   13:     0x7f861a17882f - __libc_start_main
Dec 01 13:39:43.991 INFO [stderr]   14:     0x55b595103228 - _start
Dec 01 13:39:43.991 INFO [stderr]   15:                0x0 - <unknown>
Dec 01 13:39:43.991 INFO [stderr] 
Dec 01 13:39:43.991 INFO [stderr] warning: build failed, waiting for other jobs to finish...
Dec 01 13:39:44.058 INFO [stderr] error: failed to run custom build command for `rocket_codegen v0.3.16`
Dec 01 13:39:44.058 INFO [stderr] process didn't exit successfully: `/target/debug/build/rocket_codegen-4a5b65214453c03c/build-script-build` (exit code: 101)
Dec 01 13:39:44.058 INFO [stderr] --- stderr
Dec 01 13:39:44.058 INFO [stderr] [1;31mError:[0m [37mRocket requires a nightly or dev version of Rust.[0m
Dec 01 13:39:44.058 INFO [stderr] [37mInstalled version is:[0m [33m1.31.0-beta.20 (2018-11-30)[0m. [37mMinimum required:[0m [33m1.30.0-nightly (2018-08-23)[0m.
Dec 01 13:39:44.058 INFO [stderr] [34mSee the getting started guide ([0m[37mhttps://rocket.rs/guide/getting-started/[0m[34m) for more information.[0m
Dec 01 13:39:44.058 INFO [stderr] thread 'main' panicked at 'Aborting compilation due to incompatible compiler.', /cargo-home/registry/src/github.com-1ecc6299db9ec823/rocket_codegen-0.3.16/build.rs:38:17
Dec 01 13:39:44.058 INFO [stderr] stack backtrace:
Dec 01 13:39:44.058 INFO [stderr]    0:     0x559507da332f - std::sys::unix::backtrace::tracing::imp::unwind_backtrace::h3a8b83e1922cbdde
Dec 01 13:39:44.058 INFO [stderr]                                at libstd/sys/unix/backtrace/tracing/gcc_s.rs:49
Dec 01 13:39:44.058 INFO [stderr]    1:     0x559507daed07 - std::sys_common::backtrace::print::h00d3155a29b4020f
Dec 01 13:39:44.058 INFO [stderr]                                at libstd/sys_common/backtrace.rs:71
Dec 01 13:39:44.058 INFO [stderr]                                at libstd/sys_common/backtrace.rs:59
Dec 01 13:39:44.058 INFO [stderr]    2:     0x559507da7bcf - std::panicking::default_hook::{{closure}}::hd7465c742e79e1bb
Dec 01 13:39:44.058 INFO [stderr]                                at libstd/panicking.rs:211
Dec 01 13:39:44.058 INFO [stderr]    3:     0x559507da7934 - std::panicking::default_hook::h9e3966f2aa2a6e12
Dec 01 13:39:44.058 INFO [stderr]                                at libstd/panicking.rs:227
Dec 01 13:39:44.058 INFO [stderr]    4:     0x559507da81fe - std::panicking::rust_panic_with_hook::h587f091ae747d080
Dec 01 13:39:44.058 INFO [stderr]                                at libstd/panicking.rs:476
Dec 01 13:39:44.058 INFO [stderr]    5:     0x559507d7aab3 - std::panicking::begin_panic::h637cf6c246413594
Dec 01 13:39:44.058 INFO [stderr]                                at libstd/panicking.rs:410
Dec 01 13:39:44.058 INFO [stderr]    6:     0x559507d78b84 - build_script_build::main::h2c72fd58a9234470
Dec 01 13:39:44.058 INFO [stderr]                                at /cargo-home/registry/src/github.com-1ecc6299db9ec823/rocket_codegen-0.3.16/build.rs:38
Dec 01 13:39:44.058 INFO [stderr]    7:     0x559507d7b39f - std::rt::lang_start::{{closure}}::hfe557982ab535bc0
Dec 01 13:39:44.058 INFO [stderr]                                at libstd/rt.rs:74
Dec 01 13:39:44.058 INFO [stderr]    8:     0x559507da7c72 - std::panicking::try::do_call::h52e7f80ff0fdcc45
Dec 01 13:39:44.058 INFO [stderr]                                at libstd/rt.rs:59
Dec 01 13:39:44.058 INFO [stderr]                                at libstd/panicking.rs:310
Dec 01 13:39:44.058 INFO [stderr]    9:     0x559507db9cb9 - __rust_maybe_catch_panic
Dec 01 13:39:44.058 INFO [stderr]                                at libpanic_unwind/lib.rs:102
Dec 01 13:39:44.058 INFO [stderr]   10:     0x559507d9798a - std::rt::lang_start_internal::h38cae898de7f805c
Dec 01 13:39:44.058 INFO [stderr]                                at libstd/panicking.rs:289
Dec 01 13:39:44.058 INFO [stderr]                                at libstd/panic.rs:392
Dec 01 13:39:44.058 INFO [stderr]                                at libstd/rt.rs:58
Dec 01 13:39:44.058 INFO [stderr]   11:     0x559507d7b378 - std::rt::lang_start::h04f69d23836a7815
Dec 01 13:39:44.058 INFO [stderr]                                at libstd/rt.rs:74
Dec 01 13:39:44.058 INFO [stderr]   12:     0x559507d79a49 - main
Dec 01 13:39:44.058 INFO [stderr]   13:     0x7ffae876282f - __libc_start_main
Dec 01 13:39:44.059 INFO [stderr]   14:     0x559507d78228 - _start
Dec 01 13:39:44.059 INFO [stderr]   15:                0x0 - <unknown>
Dec 01 13:39:44.067 INFO [stderr] 
Dec 01 13:39:44.067 INFO [stderr] warning: build failed, waiting for other jobs to finish...
Dec 01 13:39:44.147 INFO [stderr] error: failed to run custom build command for `rocket v0.3.16`
Dec 01 13:39:44.147 INFO [stderr] process didn't exit successfully: `/target/debug/build/rocket-e8632d5f710e389a/build-script-build` (exit code: 101)
Dec 01 13:39:44.147 INFO [stderr] --- stderr
Dec 01 13:39:44.147 INFO [stderr] [1;31mError:[0m [37mRocket requires a nightly or dev version of Rust.[0m
Dec 01 13:39:44.147 INFO [stderr] [37mInstalled version is:[0m [33m1.31.0-beta.20 (2018-11-30)[0m. [37mMinimum required:[0m [33m1.27.0-nightly (2018-04-26)[0m.
Dec 01 13:39:44.147 INFO [stderr] [34mSee the getting started guide ([0m[37mhttps://rocket.rs/guide/getting-started/[0m[34m) for more information.[0m
Dec 01 13:39:44.147 INFO [stderr] thread 'main' panicked at 'Aborting compilation due to incompatible compiler.', /cargo-home/registry/src/github.com-1ecc6299db9ec823/rocket-0.3.16/build.rs:38:13
Dec 01 13:39:44.147 INFO [stderr] stack backtrace:
Dec 01 13:39:44.147 INFO [stderr]    0:     0x55c77d64533f - std::sys::unix::backtrace::tracing::imp::unwind_backtrace::h3a8b83e1922cbdde
Dec 01 13:39:44.147 INFO [stderr]                                at libstd/sys/unix/backtrace/tracing/gcc_s.rs:49
Dec 01 13:39:44.147 INFO [stderr]    1:     0x55c77d650d17 - std::sys_common::backtrace::print::h00d3155a29b4020f
Dec 01 13:39:44.147 INFO [stderr]                                at libstd/sys_common/backtrace.rs:71
Dec 01 13:39:44.147 INFO [stderr]                                at libstd/sys_common/backtrace.rs:59
Dec 01 13:39:44.147 INFO [stderr]    2:     0x55c77d649bdf - std::panicking::default_hook::{{closure}}::hd7465c742e79e1bb
Dec 01 13:39:44.147 INFO [stderr]                                at libstd/panicking.rs:211
Dec 01 13:39:44.147 INFO [stderr]    3:     0x55c77d649944 - std::panicking::default_hook::h9e3966f2aa2a6e12
Dec 01 13:39:44.147 INFO [stderr]                                at libstd/panicking.rs:227
Dec 01 13:39:44.147 INFO [stderr]    4:     0x55c77d64a20e - std::panicking::rust_panic_with_hook::h587f091ae747d080
Dec 01 13:39:44.147 INFO [stderr]                                at libstd/panicking.rs:476
Dec 01 13:39:44.147 INFO [stderr]    5:     0x55c77d61cac3 - std::panicking::begin_panic::h185025b8b4804e9b
Dec 01 13:39:44.147 INFO [stderr]                                at libstd/panicking.rs:410
Dec 01 13:39:44.147 INFO [stderr]    6:     0x55c77d61ab85 - build_script_build::main::h4284e4a3a8df7e1b
Dec 01 13:39:44.147 INFO [stderr]                                at /cargo-home/registry/src/github.com-1ecc6299db9ec823/rocket-0.3.16/build.rs:38
Dec 01 13:39:44.147 INFO [stderr]    7:     0x55c77d61d3af - std::rt::lang_start::{{closure}}::ha0df32a52ba7057e
Dec 01 13:39:44.147 INFO [stderr]                                at libstd/rt.rs:74
Dec 01 13:39:44.147 INFO [stderr]    8:     0x55c77d649c82 - std::panicking::try::do_call::h52e7f80ff0fdcc45
Dec 01 13:39:44.147 INFO [stderr]                                at libstd/rt.rs:59
Dec 01 13:39:44.147 INFO [stderr]                                at libstd/panicking.rs:310
Dec 01 13:39:44.147 INFO [stderr]    9:     0x55c77d65bcc9 - __rust_maybe_catch_panic
Dec 01 13:39:44.147 INFO [stderr]                                at libpanic_unwind/lib.rs:102
Dec 01 13:39:44.147 INFO [stderr]   10:     0x55c77d63999a - std::rt::lang_start_internal::h38cae898de7f805c
Dec 01 13:39:44.147 INFO [stderr]                                at libstd/panicking.rs:289
Dec 01 13:39:44.147 INFO [stderr]                                at libstd/panic.rs:392
Dec 01 13:39:44.147 INFO [stderr]                                at libstd/rt.rs:58
Dec 01 13:39:44.147 INFO [stderr]   11:     0x55c77d61d388 - std::rt::lang_start::h3f68170055a70037
Dec 01 13:39:44.147 INFO [stderr]                                at libstd/rt.rs:74
Dec 01 13:39:44.147 INFO [stderr]   12:     0x55c77d61ba59 - main
Dec 01 13:39:44.147 INFO [stderr]   13:     0x7f028a97482f - __libc_start_main
Dec 01 13:39:44.147 INFO [stderr]   14:     0x55c77d61a228 - _start
Dec 01 13:39:44.147 INFO [stderr]   15:                0x0 - <unknown>
Dec 01 13:39:44.147 INFO [stderr] 
Dec 01 13:39:44.147 INFO [stderr] warning: build failed, waiting for other jobs to finish...
Dec 01 13:39:46.165 INFO [stderr] error: build failed
Dec 01 13:39:46.168 INFO [stderr] su: No module specific data is present
Dec 01 13:39:46.991 INFO running `"docker" "inspect" "2cfa35ef7185048ac9b95815108dac537dc2fcc2a95fef9f744279d5ca9b130c"`
Dec 01 13:39:47.227 INFO running `"docker" "rm" "-f" "2cfa35ef7185048ac9b95815108dac537dc2fcc2a95fef9f744279d5ca9b130c"`
Dec 01 13:39:47.502 INFO [stdout] 2cfa35ef7185048ac9b95815108dac537dc2fcc2a95fef9f744279d5ca9b130c
